{"id":526,"date":"2016-09-06T09:09:17","date_gmt":"2016-09-06T09:09:17","guid":{"rendered":"http:\/\/institutulcopilului.ro\/?page_id=526"},"modified":"2016-10-25T09:33:08","modified_gmt":"2016-10-25T09:33:08","slug":"despre-noi","status":"publish","type":"page","link":"https:\/\/idc.institutulcopilului.ro\/?page_id=526","title":{"rendered":"Despre noi"},"content":{"rendered":"<p>Scurt istoric:<\/p>\n<p>\u00cen anul 2000, trei universit\u0103\u021bi americane \u2013 University of Minnesota, University of Tulane \u0219i University of Maryland \u2013 <\/p>\n<p>\u00eencepeau o cercetare \u0219tiin\u021bific\u0103 denumit\u0103 \u201cBucharest Early Intervention Program\u201d \u2013 \u201dProgramul de Interven\u021bie Timpurie <\/p>\n<p>Bucure\u0219ti\u201c. Proiectul era implementat de Fundatia SERA ROM\u00c2NIA, iar finan\u021barea era asigurat\u0103 de John T. and Catherine D. <\/p>\n<p>MacArthur Foundation. Coordonarea \u0219tiin\u021bific\u0103 a studiului a apar\u021binut Institutului pentru Ocrotirea Mamei \u0219i Copilului <\/p>\n<p>(IOMC).<\/p>\n<p>Programul a avut dou\u0103 obiective, unul social, de demarare a dezinstitu\u021bionaliz\u0103rii copiilor din Centrul de Plasament <\/p>\n<p>\u201cSf\u00e2nta Ecaterina\u201d din Bucure\u0219ti \u0219i unul \u0219tiin\u021bific, de eviden\u021biere a dezvolt\u0103rii neurologice \u0219i cerebrale a copilului <\/p>\n<p>aflat \u00een trei situa\u021bii: \u00een familia natural\u0103, \u00een asisten\u021b\u0103 maternal\u0103 \u0219i \u00een \u00eengrijire reziden\u021bial\u0103.<\/p>\n<p>Din primele activit\u0103\u021bi \u0219i rezultate ale programului s-a desprins o concluzie extrem de important\u0103: necesitatea \u00eenfiin\u021b\u0103rii <\/p>\n<p>unui institut de formare profesional\u0103 \u0219i de cercetare \u0219tiin\u021bific\u0103 fundamental\u0103 care s\u0103 creasc\u0103 nivelul calit\u0103\u021bii <\/p>\n<p>serviciilor \u0219i s\u0103 sprijine dezvoltarea sistemului de protec\u021bie a copilului.<\/p>\n<p>Astfel, \u00een anul 2004, Funda\u021bia \u201cTulane\u201d, Funda\u021bia SERA ROM\u00c2NIA \u0219i Academia de \u0218tiin\u021be Medicale din Rom\u00e2nia au pus bazele <\/p>\n<p>Asocia\u021biei pentru Dezvoltarea Copilului(ADC), iar \u00een 2010 a fost creat Institutul pentru Dezvoltarea Copilului prin <\/p>\n<p>asocierea Consiliului Local Sector 1 reprezentata prin DGASPC Sector 1 cu Funda\u021bia SERA Romania \u0219i ADC.<\/p>\n<p>Institutul pentru Dezvoltarea Copilului  este un proiect de interes public, fiind o structur\u0103 f\u0103r\u0103 personalitate juridic\u0103 <\/p>\n<p>\u00een cadrul Asocia\u021biei pentru Dezvoltarea Copilului, cu scopul de a organiza \u0219i desf\u0103\u0219ura activit\u0103\u021bi de cercetare, analiz\u0103, <\/p>\n<p>dezvoltare strategic\u0103 \u0219i programatic\u0103, formare de personal \u0219i aplicare practic\u0103 a instrumentelor \u0219i metodelor realizate \u00een <\/p>\n<p>domeniul protec\u021biei \u0219i promov\u0103rii drepturilor copilului \u0219i \u00een domeniile conexe acestuia.<\/p>\n<p>Utiliz\u00e2nd expertiza academic\u0103 rom\u00e2neasc\u0103 (Academia de \u0218tiin\u021be Medicale) \u0219i cea american\u0103 (Universitatea Harvard), precum \u0219i <\/p>\n<p>experien\u021ba \u00een managementul schimb\u0103rii a Funda\u021biei SERA Rom\u00e2nia, Institutul pentru Dezvoltarea Copilului are rolul de a <\/p>\n<p>pilota \u0219i a dezvolta instrumente de evaluare, de a informa factorii de decizie \u0219i, mai cu seam\u0103, de a disemina cuno\u0219tin\u021bele <\/p>\n<p>\u0219i informa\u021bia \u00een scopul cre\u0219terii calit\u0103\u021bii interven\u021biilor \u0219i al cre\u0103rii unor standarde adecvate de \u00eengrijire a copilului <\/p>\n<p>\u00een dificultate \u0219i nu numai.<\/p>\n<p> Membrii fondatori ai Asocia\u021biei pentru Dezvoltarea Copilului:<\/p>\n<p>Funda\u021bia Tulane<\/p>\n<p>Fundatia SERA Rom\u00e2nia<\/p>\n<p>Academia de \u0218tiinte Medicale<\/p>\n<p> Membrii asocia\u021bi ai Institutului pentru Dezvoltarea Copilului:<\/p>\n<p>Funda\u021bia SERA Rom\u00e2nia<\/p>\n<p>Asocia\u021bia pentru Dezvoltarea Copilului<\/p>\n<p>Consiliul Local al Sectorului 1 al municipiului Bucure\u0219ti, reprezentat prin Direc\u021bia General\u0103 de Asisten\u021b\u0103 Social\u0103 \u0219i <\/p>\n<p>Protec\u021bia Copilului Sector 1<\/p>\n","protected":false},"excerpt":{"rendered":"<p>Scurt istoric: \u00cen anul 2000, trei universit\u0103\u021bi americane \u2013 University of Minnesota, University of Tulane \u0219i University of Maryland \u2013 \u00eencepeau o cercetare \u0219tiin\u021bific\u0103 denumit\u0103 \u201cBucharest Early Intervention Program\u201d \u2013 \u201dProgramul de Interven\u021bie Timpurie Bucure\u0219ti\u201c. Proiectul era implementat de Fundatia SERA ROM\u00c2NIA, iar finan\u021barea era asigurat\u0103 de John T. and Catherine D. MacArthur Foundation. Coordonarea<a href=\"https:\/\/idc.institutulcopilului.ro\/?page_id=526\">[&#8230;]<\/a><\/p>\n","protected":false},"author":1,"featured_media":0,"parent":0,"menu_order":0,"comment_status":"closed","ping_status":"closed","template":"template-fullwidth.php","meta":[],"_links":{"self":[{"href":"https:\/\/idc.institutulcopilului.ro\/index.php?rest_route=\/wp\/v2\/pages\/526"}],"collection":[{"href":"https:\/\/idc.institutulcopilului.ro\/index.php?rest_route=\/wp\/v2\/pages"}],"about":[{"href":"https:\/\/idc.institutulcopilului.ro\/index.php?rest_route=\/wp\/v2\/types\/page"}],"author":[{"embeddable":true,"href":"https:\/\/idc.institutulcopilului.ro\/index.php?rest_route=\/wp\/v2\/users\/1"}],"replies":[{"embeddable":true,"href":"https:\/\/idc.institutulcopilului.ro\/index.php?rest_route=%2Fwp%2Fv2%2Fcomments&post=526"}],"version-history":[{"count":2,"href":"https:\/\/idc.institutulcopilului.ro\/index.php?rest_route=\/wp\/v2\/pages\/526\/revisions"}],"predecessor-version":[{"id":834,"href":"https:\/\/idc.institutulcopilului.ro\/index.php?rest_route=\/wp\/v2\/pages\/526\/revisions\/834"}],"wp:attachment":[{"href":"https:\/\/idc.institutulcopilului.ro\/index.php?rest_route=%2Fwp%2Fv2%2Fmedia&parent=526"}],"curies":[{"name":"wp","href":"https:\/\/api.w.org\/{rel}","templated":true}]}}